se 12) to base 2.
1010010
What is -1010101001101 (base 2) in base 10?
-5453
-570b (base 15) to base 4
-10200131
Convert 497 (base 15) to base 4.
100102
What is 5465 (base 7) in base 11?
1520
110001011 (base 2) to base 16
18b
-23393 (base 12) to base 14
-132b5
-86 (base 9) to base 6
-210
What is 43203 (base 5) in base 7?
11352
414440 (base 5) to base 7
55034
What is 2548 (base 9) in base 12?
112b
What is -4313 (base 9) in base 8?
-6143
-709 (base 10) to base 14
-389
-211222122 (base 3) to base 15
-4e72
What is 40a (base 11) in base 2?
111101110
Convert 30c (base 16) to base 12.
550
What is 1111110010 (base 2) in base 16?
3f2
-4b01 (base 12) to base 7
-33526
1370 (base 9) to base 16
40b
What is -200012 (base 3) in base 16?
-1eb
Convert 353 (base 15) to base 4.
23301
Convert -102504 (base 7) to base 13.
-80ca
Convert 14615 (base 7) to base 5.
112304
What is 1221112210 (base 3) in base 8?
112643
What is -11231313 (base 4) in base 16?
-5b77
Convert 67a (base 15) to base 13.
889
What is 528 (base 14) in base 16?
3f8
-11002021 (base 3) to base 2
-101110100001
-3d4 (base 15) to base 8
-1552
What is -1201 (base 8) in base 6?
-2545
367 (base 14) to base 8
1247
What is 21100101 (base 3) in base 6?
40444
Convert -203234 (base 6) to base 4.
-3332212
What is -2746a (base 13) in base 4?
-101320301
1022313 (base 4) to base 13
2247
Convert 6123 (base 8) to base 12.
19ab
What is -62 (base 13) in base 6?
-212
What is 947 (base 13) in base 11?
1207
Convert 64a (base 12) to base 10.
922
What is -7148 (base 9) in base 16?
-146c
What is 20351 (base 7) in base 16?
1379
-122111220 (base 3) to base 13
-5a72
What is -1606 (base 7) in base 4?
-22003
679 (base 11) to base 15
392
52240 (base 6) to base 15
2123
Convert -221 (base 13) to base 11.
-302
Convert -111101 (base 3) to base 8.
-551
Convert -53 (base 13) to base 9.
-75
Convert -1a3 (base 12) to base 7.
-531
Convert -17166 (base 8) to base 11.
-594a
-2266 (base 9) to base 11
-1298
Convert -100211 (base 3) to base 5.
-2030
1120212 (base 3) to base 10
1157
Convert -153020 (base 6) to base 7.
-61326
-287a (base 11) to base 15
-117c
What is 31232 (base 5) in base 14?
a79
What is -1534 (base 6) in base 7?
-1135
14176 (base 8) to base 2
1100001111110
What is 1bb (base 12) in base 10?
287
21123 (base 5) to base 8
2605
Convert -34553 (base 6) to base 2.
-1001101100101
18d (base 16) to base 13
247
What is -21112100 (base 3) in base 13?
-2664
Convert 231 (base 15) to base 14.
276
What is -52203 (base 9) in base 11?
-23959
391 (base 13) to base 14
329
Convert 57 (base 16) to base 12.
73
What is 348 (base 12) in base 9?
602
-230024 (base 6) to base 3
-222200121
Convert -2042 (base 13) to base 10.
-4448
What is -2154 (base 13) in base 7?
-16335
Convert 3235 (base 11) to base 8.
10261
What is -1000111111000011 (base 2) in base 7?
-212204
What is 224411 (base 6) in base 15?
5a24
Convert -810 (base 11) to base 13.
-5a4
Convert -101122 (base 4) to base 8.
-2132
-2011 (base 9) to base 3
-2000101
What is -6b0 (base 13) in base 12?
-805
Convert -3204 (base 5) to base 11.
-360
22011 (base 4) to base 7
1611
What is 47393 (base 10) in base 11?
32675
-21002 (base 4) to base 6
-2402
-32a (base 12) to base 6
-2054
What is 303140 (base 5) in base 14?
37d9
What is 10212 (base 5) in base 8?
1252
What is 61746 (base 9) in base 2?
1001111100000000
-32033 (base 5) to base 13
-c8b
Convert -123131 (base 5) to base 2.
-1001010110111
What is 12020103 (base 4) in base 3?
1021102220
What is 80b (base 13) in base 14?
6d5
What is 467 (base 14) in base 10?
875
618 (base 10) to base 13
387
What is 4221 (base 7) in base 12?
a39
What is 2522 (base 7) in base 12?
66b
Convert 23132121 (base 4) to base 16.
b799
What is -1266 (base 10) in base 11?
-a51
-19a5 (base 12) to base 8
-6115
Convert 381 (base 9) to base 6.
1244
What is -151255 (base 6) in base 14?
-5455
93bb (base 13) to base 15
60c4
Convert -1237 (base 9) to base 15.
-41a
-11520 (base 6) to base 3
-2100010
Convert 425 (base 7) to base 8.
327
What is -454 (base 6) in base 12?
-12a
258a (base 12) to base 14
17bc
Convert -2320 (base 6) to base 4.
-20220
What is 21120103 (base 4) in base 9?
57627
What is 6633 (base 8) in base 10?
3483
Convert 3 (base 13) to base 11.
3
Convert -451 (base 16) to base 11.
-915
What is -1173 (base 9) in base 10?
-876
What is 6636 (base 8) in base 4?
312132
What is 30632 (base 7) in base 6?
54452
What is 2207 (base 10) in base 14?
b39
1110110010 (base 2) to base 9
1261
Convert -10001010100001 (base 2) to base 7.
-34563
What is -3717 (base 9) in base 10?
-2770
What is 30442 (base 10) in base 3?
1112202111
Convert 737 (base 9) to base 16.
259
Convert 1014345 (base 6) to base 14.
13ba9
1210 (base 9) to base 11
749
23124 (base 6) to base 12
1aa4
-1446 (base 13) to base 5
-43211
Convert 1110010111000 (base 2) to base 10.
7352
Convert 646 (base 8) to base 10.
422
What is -770a (base 11) in base 5?
-311144
What is 1012120 (base 3) in base 12?
613
What is -21210201 (base 3) in base 2?
-1011000111001
Convert 7686 (base 12) to base 11.
98a5
148 (base 13) to base 12
171
Convert 609 (base 12) to base 11.
724
Convert 881 (base 10) to base 8.
1561
Convert -2611 (base 11) to base 10.
-3400
Convert 5145 (base 6) to base 15.
515
154 (base 16) to base 4
11110
Convert 33100211 (base 4) to base 13.
225aa
What is -794 (base 10) in base 15?
-37e
Convert 220e (base 16) to base 9.
12856
What is 3213 (base 16) in base 15?
3be9
Convert 648 (base 11) to base 8.
1412
Convert 11103 (base 5) to base 10.
778
-2423 (base 5) to base 8
-553
-1454 (base 7) to base 5
-4303
Convert -30230 (base 4) to base 3.
-1010002
Convert -275a (base 12) to base 9.
-6187
Convert 101323 (base 6) to base 11.
6108
What is -3106 (base 7) in base 15?
-4c4
What is 335 (base 8) in base 14?
11b
-300330 (base 4) to base 11
-2398
101110111001111 (base 2) to base 15
71b0
116 (base 11) to base 6
350
What is -102b8 (base 12) in base 9?
-32025
4b (base 15) to base 9
78
What is 826 (base 15) in base 5?
24321
What is -14747 (base 9) in base 12?
-5a07
7c (base 13) to base 11
94
-11003 (base 4) to base 12
-22b
217 (base 11) to base 2
100000100
Convert 112356 (base 8) to base 6.
452302
2101011 (base 3) to base 10
1732
What is 143162 (base 7) in base 9?
41682
722 (base 14) to base 7
4042
10121 (base 5) to base 7
1633
-4d4 (base 14) to base 8
-1712
What is 31333 (base 4) in base 8?
1577
Convert -7678 (base 10) to base 14.
-2b26
What is -16235 (base 11) in base 2?
-101100101111011
-22024 (base 7) to base 4
-1112002
Convert -43215 (base 7) to base 4.
-2213313
Convert -51885 (base 9) to base 4.
-20113103
-14708 (base 11) to base 6
-240220
Convert -4e53 (base 16) to base 8.
-47123
1404 (base 10) to base 9
1830
-1364 (base 11) to base 5
-24024
Convert -a272 (base 14) to base 7.
-144302
What is -49d (base 16) in base 15?
-53b
Convert 119 (base 16) to base 6.
1145
-5713 (base 9) to base 4
-1002000
Convert 1030140 (base 5) to base 13.
7ca8
20300 (base 4) to base 5
4220
Convert 100003231 (base 4) to base 3.
10100020001
Convert 1255 (base 9) to base 8.
1655
What is 21260 (base 12) in base 6?
533400
Convert 1281 (base 10) to base 12.
8a9
What is -36582 (base 10) in base 2?
-1000111011100110
What is -5730 (base 10) in base 11?
-433a
What is 106 (base 8) in base 9?
77
What is 7a3 (base 12) in base 11?
939
129 (base 16) to base 4
10221
What is 21845 (base 11) in base 10?
31630
301234 (base 5) to base 13
4481
332c (base 14) to base 9
13134
Convert 15263 (base 9) to base 14.
3b29
Convert 3525 (base 6) to base 7.
2315
Convert 3715 (base 8) to base 2.
11111001101
What is 2b91 (base 15) in base 13?
4351
Convert 871 (base 14) to base 2.
11010000011
Convert -1122200210 (base 3) to base 15.
-99c3
What is 5d42 (base 15) in base 8?
46626
-23300 (base 4) to base 5
-11002
What is -445 (base 10) in base 9?
-544
Convert 3817 (base 10) to base 16.
ee9
Convert 1001001100 (base 2) to base 4.
21030
What is -220110 (base 3) in base 2?
-1010010100
Convert 122120 (base 3) to base 6.
2110
Convert -244450 (base 6) to base 13.
-9bac
Convert -a30 (base 12) to base 15.
-686
What is -201 (base 10) in base 7?
-405
Convert -359 (base 13) to base 12.
-405
-120222 (base 3) to base 9
-528
What is 1202200 (base 3) in base 13?
780
What is 35127 (base 8) in base 5?
434220
What is -1078 (base 1